 -5520 + 120048. What is the ten thousands digit of j?
2
What is the hundreds digit of -678*(-14)/(-56)*-24?
0
Let a(f) = -51*f**2 + 2*f + 44. Let z be a(-7). What is the tens digit of ((-2)/(-6) + -1)*z/2?
2
Suppose -m + 22547 - 213759 = -5*h, -5*h = 4*m - 191202. What is the units digit of h?
2
Suppose 11*j + 47*j - 1254148 = 11*j. What is the tens digit of j?
8
Let o = 7 + -4. Let w be (1 - 1)/(110 + -108). Suppose 4*l - 117 = -o*u, w*u + 5*u + 120 = 5*l. What is the units digit of l?
7
Let o = 4546 + 489. What is the tens digit of o?
3
Let m(y) = -4*y + 2*y + 0*y - 2*y + 4*y**2 - 29. Let u be m(6). Suppose -9*j = -1414 + u. What is the tens digit of j?
4
Let j(q) = -11*q**3 + 7*q**2 + 4*q - 3. Let h(x) = x**2 + 11*x + 14. Let l be h(-2). What is the units digit of j(l)?
7
Let r(k) = 2*k**2 - 33*k + 18. Let d be r(16). Suppose -5*z = -m - 84, 0 = d*m + 3*z - 55 + 223. Let l = -23 - m. What is the tens digit of l?
6
Let r be -5 - (-16 + 2092)*(-3)/4. Suppose -r - 1604 = -6*j. What is the tens digit of j?
2
Suppose -143*w + 1295536 = 40*w - 95*w. What is the thousands digit of w?
4
Suppose -10*p = -125*p + 721050. What is the units digit of p?
0
Suppose -6010 = 5*i - 2*v, 0*v + v - 3605 = 3*i. Let m = 3064 + i. What is the thousands digit of m?
1
Let b(j) be the second derivative of -j**4/12 + 2*j**3/3 + 7*j**2/2 + 12*j. Let y be b(5). What is the units digit of 2 - (y/(-6) - (-897)/(-9))?
2
Let u(o) = 691*o + 4934. What is the tens digit of u(56)?
3
Let o be 4/(-18) - 246/108*-224. Suppose -2*d - 853 = -17*c + 12*c, -3*c = -3*d - o. What is the tens digit of c?
7
Suppose -4*g + 2468 = -4*n, -4*g - 691 = 2*n + 531. Let i = n - -1079. What is the hundreds digit of i?
4
Let o(y) = -266*y**3 + 6*y**2 + 47*y + 92. What is the tens digit of o(-3)?
8
Let j be (-4)/6 + 2*22/12. Suppose 5109 = 3*i + j*r, -i + 1701 = -0*i + 3*r. Suppose 8*b + 0*b - i = 0. What is the units digit of b?
3
Suppose -46480 = -47*v + 12*v. Suppose -v = -2*f + x + 162, 3714 = 5*f + 3*x. What is the tens digit of f?
4
Let w(y) = 356*y**2 - 17*y + 80. What is the hundreds digit of w(5)?
8
Let g(h) = -123*h**3 - 6*h**2 - 19*h - 52. What is the tens digit of g(-3)?
7
Let d be (-8)/14 + (-5576)/287. What is the units digit of (d/7 - -2)/(3/(-21))?
6
Let n be 1/(-3)*81/(-1). What is the units digit of n/(-189) - 3614/(-14)?
8
Let f(x) = -98*x + 22. Let r(h) = h**2 + 30*h + 203. Let n be r(-11). What is the units digit of f(n)?
0
Let a(p) be the third derivative of p**5/30 - p**4/8 + 2*p**3/3 + 12*p**2. Let x = -15 - -22. What is the units digit of a(x)?
1
Let b be (-1 + 35)*1 + (-5 - -4). Let f be (b - 8)/(34/16 + -2). Let h = 283 - f. What is the tens digit of h?
8
Suppose -4*a - 5*y + 285 = 69, 2*a - y - 108 = 0. Suppose -a*c + 65*c = 12221. What is the tens digit of c?
1
Let w = -1805 - -1803. Suppose 2*f - 1104 = -3*l, 0 = -5*f - 15 - 0. What is the tens digit of l/6 + w/(-6)?
6
Let d(q) = -q**3 + 18*q**2 + 2*q - 67. Suppose 15*v = 11*v + 40. What is the units digit of d(v)?
3
Let x = 95 + -89. Let i(u) = -2*u**3 + 13*u**2 - u - 1. What is the units digit of i(x)?
9
Let y(s) = 8*s**2 + 20*s + 93. Let o(d) = 8*d**2 + 21*d + 92. Let z(w) = 4*o(w) - 3*y(w). What is the thousands digit of z(-14)?
1
Let q be ((-660)/(-75))/((-2)/(-55)). Let m = q + 758. What is the tens digit of m?
0
What is the units digit of 2860 - -6*(9/(-3))/6?
7
Suppose 0 = -5*r - 5*q - 580, 5*q = -r + 292 - 428. Let c = -193 - -290. Let j = c - r. What is the units digit of j?
8
Let j = -2722 - -3796. What is the tens digit of j?
7
Let x(c) = -203*c - 22. Let a be x(-2). What is the thousands digit of 1980/(-24)*a/(-20)?
1
Let x(f) be the third derivative of f**6/120 - 11*f**5/60 - 5*f**4/24 - 7*f**3/2 + 3*f**2 - 6*f. What is the tens digit of x(13)?
5
Let c(m) be the first derivative of -37*m**2/2 - 64*m + 98. What is the hundreds digit of c(-17)?
5
Suppose o + 41167 = 8*w - 3*w, 3*w + 4*o = 24691. What is the units digit of w?
3
Let z = 32121 + -15571. What is the hundreds digit of z?
5
Let c be (-82 - 0)/((-26)/65). Suppose -f + 22 = -5*i - 384, -i = -4*f + 66. Let p = i + c. What is the units digit of p?
3
Let v = 67 + -57. Let t be (-82)/v + 24/(-30). What is the units digit of -84*((-2)/(-7) + t/7)?
4
Suppose 38061 = 15*u - 17454. What is the units digit of u?
1
Let d(j) = -11*j**3 + 11*j**2 + 5*j - 10. What is the tens digit of d(-6)?
3
Let m = 0 + 3. Let j be ((-15)/(-10) - m)*4. What is the units digit of (15 - 1 - 2)*(-32)/j?
4
Let h be (-4)/10 - 711/(-15). Let b = h + -47. Suppose b = -14*f + 10*f + 536. What is the units digit of f?
4
Let b = -561 - -567. What is the units digit of b/(-16) + 38815/(-80)*-2?
0
Suppose -30 = 42*l - 48*l. Suppose 1175 = -3*a + 8*a - l*t, 9 = -3*t. What is the hundreds digit of a?
2
Let r(v) = -14*v**3 - 3*v**2 - 4*v + 4. Let t be r(-5). Suppose 1650 + t = 17*b. What is the tens digit of b?
9
Let g = -532 - -1449. Let v = -533 + g. Suppose -v - 66 = -3*y. What is the hundreds digit of y?
1
Let z be 1/3 + 5 + (-4)/3. Suppose -z*h = -5*j + 14, 2*h + 8 = -h + 5*j. What is the tens digit of (-21)/(3/h*2)?
2
Let t(a) be the third derivative of a**5/10 - a**4/24 + 2*a**3/3 + 22*a**2. Let n = -7 - -11. What is the tens digit of t(n)?
9
What is the tens digit of 29872/(-1)*(0 - (-6)/(-6))?
7
Let t(w) = -w + 1. Let o(z) = -z**2 - 10*z - 15. Let s be o(-9). Let f be t(s). Suppose -f*n = -463 - 202. What is the tens digit of n?
9
Suppose 0 = -68*h + 1485780 - 359428. What is the ten thousands digit of h?
1
Let q(u) = 49*u**3 + 19*u**2 - 30*u + 298. What is the thousands digit of q(9)?
7
Suppose 0 = -239*w + 237*w + 21076. What is the thousands digit of w?
0
Suppose -8*l + 9*l = 521. Let y = l + -303. What is the units digit of y?
8
Suppose -10 = 2*a - 2*s, -4*a = -5*s + 9 + 16. Suppose 5*l + a*m - 1986 = 2*m, -2*m = 5*l - 1994. What is the hundreds digit of l?
3
Let o(g) = 381*g - 5. Suppose 55 = 3*u + 52. What is the tens digit of o(u)?
7
What is the hundreds digit of (-2)/5*35 - -3452?
4
Suppose 2*g - 24014 = 4*z, z - 61494 = -4*g - 13520. What is the tens digit of g?
9
Let b = 98 + -101. What is the tens digit of (-3951)/(-6)*(-2)/b?
3
Let l = -80818 + 147699. What is the thousands digit of l?
6
Let a(h) = 102*h + 7. Let d be a(3). What is the hundreds digit of d - ((-7)/(7/(-3)) + -7)?
3
Let r(m) = m**2 + 25*m + 46. Suppose -11*q - 325 = -72. Let h be r(q). Suppose 0*u - 2*u = -4*a + 252, h = 4*a + u - 252. What is the units digit of a?
3
Let j = 2 - -1. Let z be -5*10/(-75) - 8/j. What is the units digit of (z + 3 + -2)*-37?
7
Let b(j) = -j. Let s be b(0). Suppose s = h + 18 - 260. What is the hundreds digit of h?
2
Let n be 7*(3 + 5/35). Suppose 2478 = -15*o + n*o. What is the tens digit of o?
5
Suppose 112 = 18*x - 212. Let v = x + 187. What is the tens digit of v?
0
Let b = -50 + 50. Suppose 0 = 2*z - b - 8. Suppose 0 = z*q - 588 - 48. What is the units digit of q?
9
Suppose -6*u - 545 = -11*u + 4*h, -20 = 4*h. What is the units digit of (u/70)/(2/92)?
9
Let j be 3 + (2 - (-1 - -3)). Suppose -h - 59 = -k, 0*k = 3*h + j*k + 147. Let n = h - -78. What is the tens digit of n?
2
Let t(f) = -f**2 + 40*f - 18. Let s be t(14). Suppose -5*m - s = -1141. Let u = 405 - m. What is the hundreds digit of u?
2
Suppose 4*r + 3 = -0*z + 3*z, -z - 4*r + 17 = 0. Suppose -1700 = -4*d - z*y, 5*y + 247 = d - 178. What is the hundreds digit of d?
4
Let g = 49 + -49. Suppose -15*c + 12*c + 6 = g. Suppose 0*k = -u - 2*k + 120, -c*u + 225 = -k. What is the tens digit of u?
1
Let o = 91 - -25. Suppose -7*c = -8*c + o. What is the units digit of c?
6
Let n(k) = k**3 - 2*k**2 - k. Let d be n(2). Let w be (d + (-18)/(-4))*2. What is the hundreds digit of (-202*(-6)/30)/(2/w)?
1
Let o(m) = -14*m + 410. Let f be o(29). What is the units digit of f*2 - (-1589 + 86)?
1
Let j be (1514/8 - (-6)/8) + 0. Suppose -9297 = -199*k + j*k. What is the hundreds digit of k?
0
Let g be 24 - (5 + -5)*(-1 + 0). Let j(t) = t**3 - 24*t**2 + 16*t - 25. What is the units digit of j(g)?
9
Suppose 75958 = 5*w + 3*k, 79986 - 19226 = 4*w + 4*k. What is the units digit of w?
4
Let k be -3 + (2 - -2)/4. Suppose -11*s + 13*s = -18. What is the tens digit of (417/s)/(k/6)?
3
Let l(a) = -243*a + 801. What is the tens digit of